 n**3 + n**2 - 2*n + 1. What is c(m)?
1
Let k(v) = -v**3 - 6*v**2 - 4*v - 4. Suppose 5*q - 3*x - 30 = 0, 2 = q - 2*x - 11. Suppose -w - 30 = -q*w. Let d be ((-2)/3)/(2/w). Give k(d).
-9
Let p(y) = y**2 + y - 31. Let b be 5/((-4)/4) - -5. What is p(b)?
-31
Let b be (-30)/4*(-24)/30. Suppose 5*s - 14 = b. Suppose s*a = w + 26, -2 = w - a + 9. Let z(v) = -v - 14. Give z(w).
-8
Let h(a) = 7*a - 13. Let j(g) = 4*g. Let r(w) = h(w) - 2*j(w). Give r(0).
-13
Let c(q) = 16*q**3 - 14*q**2 + 21*q - 10. Let a(x) = -3*x**3 + 3*x**2 - 4*x + 2. Let w(m) = 11*a(m) + 2*c(m). Determine w(4).
10
Let o(z) = 2*z**2 - 1595*z - 2*z**2 + 3*z**2 - 2*z**2 + 4 + 1598*z. Let a be (-1 + 0 + 5)*-1. Calculate o(a).
8
Let g = 24 - 21. Suppose 4*l = -g*m + 5, 3*m + 2*m + 4*l - 3 = 0. Let d(n) = -10*n - 1. Calculate d(m).
9
Let z(u) = -3*u + 2*u + 1 + 3*u. Suppose 3*h + 46 = -2*h + i, 5*i = h - 10. Let k = h - -4. Give z(k).
-11
Let h(b) = b**3 - b**2 - 4*b + 2. Let z(i) = -3*i - 21. Let u be z(-7). Suppose u = -a + 3*a - 6. Give h(a).
8
Suppose -2*w - 4 + 0 = 0, 5*w = 3*h - 97. Let d = 20 - h. Let r(o) = -o + 1. Let u(v) = 12*v - 15. Let p(k) = d*r(k) - u(k). Calculate p(4).
-6
Let f(s) = 0*s - 2*s + s. Suppose 5*g - 28 - 27 = 0. Let r be g/(33/(-18)) - -2. Give f(r).
4
Suppose 4*h - h + 4*b - 7 = 0, -2*h - 4*b + 10 = 0. Let z be -1 + h*3/(-9). Let d(t) = -4*t + 2*t - 3*t - 2 - t**2 + z*t. Give d(-3).
4
Suppose c + 2 = 8. Let l(r) = 2*r**2 - r**2 - 2*r + c*r. Suppose 4*t - j = -18, -2*j = 3*j + 10. Give l(t).
5
Suppose -5*o = 4*z - 0 - 4, 3*o + 8 = -5*z. Suppose 0 = o*h - 8 - 20. Let f(b) = 6*b + 9. Let q(s) = 5*s + 8. Let i(t) = h*q(t) - 6*f(t). Determine i(2).
0
Let q = 15 + -21. Let g(r) be the second derivative of -r**4/12 - 5*r**3/6 + r**2 - 2*r. Calculate g(q).
-4
Let w(b) = -b**3 - 6*b**2 - 13*b + 2. Let t be w(0). Let j(n) be the second derivative of -n**4/12 + n**2/2 + n. What is j(t)?
-3
Let z(j) be the first derivative of -j**4/4 + 8*j**3/3 + j**2/2 - 11*j - 2. Suppose r + 2*r - 24 = 0. Determine z(r).
-3
Let u(t) = -t**3 + 21*t**2 - 36*t - 42. Let b be u(19). Let p(s) = s**3 + 4*s**2 - s + 6. Give p(b).
10
Let p(m) = -9*m + 18. Let q(h) = -7*h + 17. Let i(o) = 4*p(o) - 5*q(o). Give i(0).
-13
Let h be (-5)/((-15)/6) + 12. Let p = h + -18. Let j be p/(-18) + (-10)/45. Let y(n) = -n**3 + 5. What is y(j)?
5
Suppose 0 = -0*b + 4*b + 12. Suppose -d - 3*r = 3*d - 43, 2*d = -2*r + 22. Let p(t) = -2*t + 3 + 5 - d. Determine p(b).
4
Let j(y) = y. Suppose 2*f + 5 - 7 = 0. Give j(f).
1
Let l(a) be the third derivative of a**4/24 + 2*a**3/3 - 38*a**2. What is l(-3)?
1
Let r(g) be the second derivative of g**5/20 + g**4/4 - g**3/6 + g**2 + 25*g. Let y = -50 - -47. Calculate r(y).
5
Let s(j) = -3 + 41*j + 4 + 7 + 10*j**2 - 42*j - j**3. Calculate s(10).
-2
Let a(u) be the third derivative of 1/2*u**3 + 0 + 16*u**2 - 1/12*u**4 + 0*u. Give a(-3).
9
Let o(c) = c**3 - 6*c**2 + 7*c - 2. Suppose -4*l + 0*n + 8 = -2*n, 0 = -4*n. Let m be (l - (-1 - -6)) + 5. Let j be 2 + 6 + m + -5. What is o(j)?
8
Let d(t) = -2*t**3 + 5*t**2 - 8*t + 5. Let o(x) = 3*x**3 - 6*x**2 + 9*x - 6. Let q(r) = 4*d(r) + 3*o(r). Let a be (-80)/25 + 4/(-5). Give q(a).
-10
Let n(g) = 7*g - 28. Let s(r) = 2*r - 9 + r + 0 - 5. Let f(v) = -v - 1. Let l be f(4). Let w(i) = l*s(i) + 2*n(i). Give w(6).
8
Suppose 25*g = 20*g - 30. Let c(i) be the second derivative of -i**4/12 - i**3/2 + 4*i**2 + 5*i. Determine c(g).
-10
Let i = 826 - 555. Let g = 277 - i. Let x(y) be the third derivative of -y**4/12 + 4*y**3/3 + y**2. What is x(g)?
-4
Let p(m) = -m**2 + 4*m - 2. Let f = 90 + -100. Let t be (-18)/15*25/f. Determine p(t).
1
Let u(x) = 6*x - 3 + 4*x - 6*x - 3*x. Calculate u(7).
4
Let m(k) = -k**2 + 8*k + 10. Let t(d) = d**3 + 12*d**2 - 14*d - 5. Let n be t(-13). Give m(n).
10
Let q be (-30)/25*25/10. Let i(s) = 23*s**2 - 17*s**2 - 1 - 4*s - 7*s**2. What is i(q)?
2
Let u be (24/9)/(6/9). Suppose -k - u = -q, -22 = 3*q - q + 4*k. Let j(f) = -2*f**2 - 1 + 0*f**2 - f**2. What is j(q)?
-4
Let o = 80 - 82. Let i(a) = a - 2. Determine i(o).
-4
Let f(v) = v**2 - 11*v + 11. Suppose -k - 5*i - 20 = -6*k, -3*k - 8 = 2*i. Let h be (-45)/(3 + -8) + k. Determine f(h).
-7
Let j(k) be the second derivative of -k**4/6 + 7*k**3/3 - 13*k**2/2 - 5*k - 6. Calculate j(5).
7
Let n(m) be the first derivative of 3*m**2/2 - 11*m + 234. Determine n(7).
10
Let g(v) be the second derivative of -1/60*v**5 + 1/3*v**3 + 5/24*v**4 + 0 - 5*v - v**2. Let b(d) be the first derivative of g(d). What is b(5)?
2
Let o(p) = p**3 + 15*p**2 - 18*p - 27. Suppose 131 = -6*m + 35. Determine o(m).
5
Let f(i) = i**2 + i + 3. Let j(p) = -4*p**2 + 12*p + 7. Let g(c) = 5*f(c) + j(c). Determine g(-16).
6
Suppose 7*r = 48 - 27. Let i(q) = -q**3 + q**2 + 8*q - 4. Give i(r).
2
Let p be 0 + (6 + -2 - -1). Suppose -5*m + 20 = 5*z, -m - p*z = m - 8. Let n(g) = -g**2 + 7*g + 5. What is n(m)?
17
Let l(r) be the third derivative of r**5/60 - r**4/12 - 2*r**3/3 - 988*r**2. Determine l(4).
4
Let v(s) be the third derivative of -1/3*s**3 - 1/12*s**4 - 1/20*s**5 + 16*s**2 + 0*s - 1/120*s**6 + 0. Suppose 3*w + j + 9 = 0, w + 3*j + 3 = -0. Give v(w).
4
Let c be 2 + ((-12)/(-3) - 6). Suppose -5*n = -c*n - 30. Let d(a) be the third derivative of -a**4/12 + 3*a**3/2 - a**2. Calculate d(n).
-3
Let a(c) = 3*c - 2. Let j(n) be the third derivative of n**6/120 - n**5/10 - 3*n**4/8 + 8*n**3/3 + 56*n**2. Let d be j(7). Determine a(d).
4
Let j = -8 + 0. Let g = j - -9. Let n(q) be the second derivative of -2*q**3/3 + q. Determine n(g).
-4
Let p(m) = -1458*m - 4 + 4 - m**2 + 1462*m. Suppose -y + 3*k = -1 + 2, -2 = -2*y + 4*k. What is p(y)?
-5
Let o(j) = 3*j + 1. Let b be o(-2). Let m be -1 + b + 9 + -10. Let p = -13 - m. Let s(q) = q**2 + 8*q + 7. What is s(p)?
-5
Let l(s) = 5*s**2 + 10*s + 7. Let y(o) be the third derivative of 7*o**5/30 + 29*o**4/24 + 7*o**3/2 - 2*o**2. Let b(t) = 11*l(t) - 4*y(t). Give b(-5).
-2
Let y(z) = 12*z - 1. Let o be y(1). Let a = o + -8. Let s(v) = 137*v - v**3 - 2*v**2 + 6*v**2 - 138*v. What is s(a)?
6
Suppose 9 = 3*u - 12. Let y(g) = g**2 - 7*g + 3. Let l be y(u). Let q(o) = -o**l - 4*o**2 - 2*o + o - 3 - 3*o. Give q(-3).
0
Suppose k + 2*n = 2, 0 = k - 2*n - 2 + 4. Let g(u) = -u**2 + 3*u**2 - 13*u**3 - 1 + 0*u**2 + k. Let y(q) = 7*q - 64. Let c be y(9). Calculate g(c).
14
Let w(d) be the second derivative of -d**2 + 0 + 10*d + 3/2*d**3. Let b be w(1). Let s(j) = -j**2 + 4*j + 10. Give s(b).
-11
Let t(w) = w**2 + 6*w - 4. Let g = -5 + -1. Let n be t(g). Let a be -1 - (n/1 + 2). Let o(x) = 8*x**2 - 1. Calculate o(a).
7
Let m(y) = -19*y + 22. Let u(o) = -o + 3. Let d(j) = -2*m(j) + 14*u(j). Calculate d(1).
22
Let z(a) = -a**2 + a. Let l(f) = 8*f + 1. Let o(t) = -2*l(t) + 2*z(t). Let n(d) = -d**2 - 7*d - 1. Let c(g) = 7*n(g) - 3*o(g). What is c(-7)?
-1
Let o(k) = -2*k**2 + 5*k. Let v be (1/4)/((-1)/(-8)). Suppose 3*j - v*y + 4*y = 8, 4*j - 22 = 3*y. What is o(j)?
-12
Let q(u) = u + 10. Let r(o) = -3*o - 21. Let a(k) = -7*k - 42. Let b(z) = -4*a(z) + 9*r(z). Let j be b(21). Calculate q(j).
10
Let n(q) be the second derivative of -q**3/3 + 5*q**2/2 + q. Let w be 104/(-12) - (-1)/(-3). Let r be w/(-2) + (-3)/(-6). Calculate n(r).
-5
Let v(h) = 2*h**3 + 4*h**2 + 2*h - 2. Let z(k) be the second derivative of -k**3/3 - 5*k**2/2 + 10*k. Let d be z(-5). Suppose d*u + 22 - 12 = 0. Calculate v(u).
-6
Let n(s) = s**2 + s - 5. Let m(u) = -2*u**2 + 4*u + 3. Let b be m(4). Let a = b - -15. Let x be 6/15 - a/5. Determine n(x).
-5
Suppose 52*x - 51*x + 4*m = 9, 0 = 3*x - m + 12. Let b(y) = -2*y - 11. Calculate b(x).
-5
Let b(o) = -o**2 + 5*o + 7. Suppose 33 = -28*p + 33*p - 2*a, 5*a = -2*p + 19. Determine b(p).
-7
Let q be (-768)/(-40) - (-8)/10. Let g = q + -24. Let o = g + 10. Let x(t) = t**2 - 8*t + 7. Calculate x(o).
-5
Let a(z) = -2*z**3 - z**2 + 4*z + 3. Let n be ((-11)/(11/12))/1. Let h be n/5 - (-14)/35. Give a(h).
7
Let a(l) = -19533 - 10*l**2 - 5*l**3 + 8*l + 19540 + 6*l**3. What is a(9)?
-2
Let o(f) be the third derivative of f**4/24 - f**3/3 - f**2. Suppose n = 2*v - 178, -2*v = 2*n - n - 178. Let m = v - 83. What is o(m)?
4
Suppose -g - 71 = 6*a - 2*a, -4*a = 2*g + 70. Let t(y) = y**2 + 18*y + 1. What is t(a)?
1
Let a = 71 - 73. Let g be (3/a)/(18/108). Let o(y) = y - 7. Gi